 271, 379
List the prime factors of 2274.
2, 3, 379
What are the prime factors of 102537?
3, 11393
What are the prime factors of 8327801?
131, 151, 421
List the prime factors of 1557935.
5, 53, 5879
What are the prime factors of 6747098?
2, 37, 73, 1249
List the prime factors of 7671622.
2, 7, 47, 89, 131
What are the prime factors of 3913557?
3, 1304519
What are the prime factors of 6987296?
2, 67, 3259
What are the prime factors of 317942?
2, 43, 3697
List the prime factors of 1637265.
3, 5, 7, 31, 503
What are the prime factors of 268464?
2, 3, 7, 17, 47
What are the prime factors of 6112119?
3, 13, 53, 2957
What are the prime factors of 260108?
2, 65027
List the prime factors of 118049.
97, 1217
What are the prime factors of 5108454?
2, 3, 13, 19, 383
List the prime factors of 3015279.
3, 181, 617
List the prime factors of 18069613.
18069613
What are the prime factors of 3865527?
3, 429503
List the prime factors of 15227756.
2, 853, 4463
What are the prime factors of 4141237?
109, 37993
What are the prime factors of 343046?
2, 11, 31, 503
What are the prime factors of 900525?
3, 5, 12007
List the prime factors of 2412499.
263, 9173
List the prime factors of 678127.
97, 6991
What are the prime factors of 668002?
2, 19, 17579
List the prime factors of 1196922.
2, 3, 199487
What are the prime factors of 10184251?
7, 11, 132263
What are the prime factors of 4029997?
1931, 2087
List the prime factors of 721549.
29, 139, 179
List the prime factors of 88529.
7, 12647
List the prime factors of 1365615.
3, 5, 30347
List the prime factors of 246384.
2, 3, 29, 59
What are the prime factors of 2214039?
3, 421, 1753
List the prime factors of 226706.
2, 263, 431
List the prime factors of 237831.
3, 11, 7207
What are the prime factors of 589066?
2, 313, 941
List the prime factors of 7847276.
2, 1961819
What are the prime factors of 175692?
2, 3, 11
List the prime factors of 130639.
130639
What are the prime factors of 595074?
2, 3, 41, 59
List the prime factors of 3505309.
79, 44371
What are the prime factors of 9258428?
2, 1021, 2267
What are the prime factors of 3710275?
5, 148411
List the prime factors of 1122392.
2, 307, 457
What are the prime factors of 9586301?
137, 167, 419
What are the prime factors of 826278?
2, 3, 137713
What are the prime factors of 324257?
71, 4567
List the prime factors of 433734.
2, 3, 7, 23, 449
What are the prime factors of 367836?
2, 3, 7, 29, 151
What are the prime factors of 232135?
5, 17, 2731
List the prime factors of 2127030.
2, 3, 5, 70901
List the prime factors of 509869.
83, 6143
What are the prime factors of 192656?
2, 12041
List the prime factors of 1172528.
2, 7, 19, 29
List the prime factors of 45720.
2, 3, 5, 127
What are the prime factors of 10338666?
2, 3, 13, 132547
What are the prime factors of 305867?
305867
What are the prime factors of 2762429?
19, 145391
What are the prime factors of 4185174?
2, 3, 7, 251, 397
List the prime factors of 3804917.
3804917
What are the prime factors of 103875?
3, 5, 277
What are the prime factors of 3218520?
2, 3, 5, 26821
What are the prime factors of 29815?
5, 67, 89
List the prime factors of 6511510.
2, 5, 17, 38303
What are the prime factors of 758321?
29, 79, 331
What are the prime factors of 6413316?
2, 3, 7, 13, 839
What are the prime factors of 1026014?
2, 11, 149, 313
What are the prime factors of 3317271?
3, 1105757
What are the prime factors of 490?
2, 5, 7
What are the prime factors of 139815?
3, 5, 13, 239
List the prime factors of 473288.
2, 67, 883
What are the prime factors of 1698218?
2, 347, 2447
What are the prime factors of 297985?
5, 61, 977
What are the prime factors of 4506?
2, 3, 751
List the prime factors of 744267.
3, 248089
What are the prime factors of 5109024?
2, 3, 19, 2801
List the prime factors of 281575.
5, 7, 1609
List the prime factors of 916188.
2, 3, 7, 13, 839
What are the prime factors of 559856?
2, 11, 3181
What are the prime factors of 540334?
2, 270167
What are the prime factors of 6647213?
6647213
List the prime factors of 4282518.
2, 3, 713753
List the prime factors of 66134.
2, 43, 769
What are the prime factors of 15008907?
3, 97, 51577
What are the prime factors of 3207546?
2, 3, 59399
What are the prime factors of 131720?
2, 5, 37, 89
What are the prime factors of 7846949?
11, 41, 127, 137
What are the prime factors of 294572?
2, 73643
What are the prime factors of 142134?
2, 3, 23689
What are the prime factors of 339340?
2, 5, 19, 47
What are the prime factors of 698934?
2, 3, 19, 6131
What are the prime factors of 10089555?
3, 5, 7, 307, 313
What are the prime factors of 21130998?
2, 3, 7, 263, 1913
List the prime factors of 321783.
3, 7, 11, 199
What are the prime factors of 17293424?
2, 23, 46993
What are the prime factors of 31519417?
31519417
List the prime factors of 8300.
2, 5, 83
List the prime factors of 8181043.
13, 629311
List the prime factors of 1108331.
7, 22619
List the prime factors of 477758.
2, 238879
What are the prime factors of 3909889?
3909889
List the prime factors of 30564060.
2, 3, 5, 67, 7603
List the prime factors of 463208.
2, 57901
What are the prime factors of 17050184?
2, 17, 283, 443
List the prime factors of 165780.
2, 3, 5, 307
List the prime factors of 537269.
537269
List the prime factors of 473169.
3, 109, 1447
List the prime factors of 1198786.
2, 19, 31547
List the prime factors of 10794932.
2, 17, 158749
List the prime factors of 538217.
227, 2371
What are the prime factors of 1719174?
2, 3, 349, 821
List the prime factors of 2757646.
2, 1378823
What are the prime factors of 153132?
2, 3, 7, 1823
List the prime factors of 1309601.
1309601
List the prime factors of 25216245.
3, 5, 151, 1237
List the prime factors of 8776.
2, 1097
What are the prime factors of 18081838?
2, 9040919
What are the prime factors of 11579771?
7, 17, 31, 43, 73
List the prime factors of 5122992.
2, 3, 7, 79, 193
List the prime factors of 1493011.
13, 114847
List the prime factors of 1036917.
3, 7, 109, 151
List the prime factors of 8296548.
2, 3, 13, 4091
List the prime factors of 677147.
677147
What are the prime factors of 4824996?
2, 3, 11, 3323
List the prime factors of 529782.
2, 3, 11, 23, 349
List the prime factors of 187810.
2, 5, 7, 2683
What are the prime factors of 34499?
34499
What are the prime factors of 342390?
2, 3, 5, 101, 113
What are the prime factors of 12924623?
599, 21577
What are the prime factors of 834194?
2, 417097
List the prime factors of 223500.
2, 3, 5, 149
What are the prime factors of 1385959?
17, 81527
List the prime factors of 2286327.
3, 19, 40111
What are the prime factors of 9719270?
2, 5, 11, 149, 593
List the prime factors of 70996.
2, 17749
What are the prime factors of 2108816?
2, 17, 7753
List the prime factors of 14470.
2, 5, 1447
List the prime factors of 19993689.
3, 191, 3877
List the prime factors of 104901.
3, 73, 479
What are the prime factors of 220091?
127, 1733
What are the prime factors of 87313?
87313
What are the prime factors of 136347?
3, 47, 967
List the prime factors of 136518.
2, 3, 61, 373
List the prime factors of 28249162.
2, 19, 47, 15817
List the prime factors of 1157040.
2, 3, 5, 1607
List the prime factors of 2256963.
3, 37, 20333
List the prime factors of 7371828.
2, 3, 193, 1061
List the prime factors of 1904577.
3, 634859
List the prime factors of 131095.
5, 157, 167
What are the prime factors of 1518936?
2, 3, 19, 3331
What are the prime factors of 168155?
5, 13, 199
List the prime factors of 11375457.
3, 47, 80677
List the prime factors of 144042.
2, 3, 24007
List the prime factors of 2137110.
2, 3, 5, 71237
List the prime factors of 7190.
2, 5, 719
What are the prime factors of 11649267?
3, 7, 17, 73, 149
What are the prime factors of 7026699?
3, 191, 12263
List the prime factors of 2944938.
2, 3, 31, 71, 223
List the prime factors of 2456411.
2456411
What are the prime factors of 95619?
3, 31873
List the prime factors of 2163861.
3, 7, 107
What are the prime factors of 87645?
3, 5, 5843
What are the prime factors of 1985814?
2, 3, 110323
List the prime factors of 1569530.
2, 5, 31, 61, 83
What are the prime factors of 8985516?
2, 3, 139, 5387
List the prime factors of 877294.
2, 11, 39877
What are the prime factors of 3307401?
3, 1